*k - 3*t - 34 = 0. Let u be ((-4)/(-5))/(6/15). Calculate the highest common divisor of k and u.
2
Let w(m) = -5*m + 31. Let y = -46 - -51. Let j be w(y). What is the highest common factor of j and 12?
6
Let r be 0/(-4) - (0 + -3 + 56). Let g = -42 - r. Let z be -184*(-3)/6 - (2 + 2). Calculate the highest common divisor of g and z.
11
Let o = -8509 + 8581. Calculate the highest common divisor of o and 6408.
72
Suppose -5*h - 173 + 3 = 0. Suppose -3*v = -9, 2*f + 4*v - 8 - 96 = 0. Let o = f + h. Calculate the highest common factor of 108 and o.
12
Let h be (-16)/4 - -3 - -4. Let q be 1/(-4 + h - 0). Let i be ((-264)/84)/(q/7). Calculate the highest common divisor of 2 and i.
2
Suppose 53*w - 14196 = -42*w - 74*w. Calculate the highest common divisor of w and 1344.
84
Let y be 16/(-176) + (-315)/(-77) + 21589. Calculate the highest common divisor of 143 and y.
143
Let m(d) = 17*d + 40. Suppose -k - 3 = -o, -55*k = 3*o - 57*k - 4. Let a be m(o). Calculate the highest common factor of a and 8.
2
Suppose 55268 = -405*a + 606068. Let z(l) = 20*l. Let b be z(4). What is the highest common divisor of a and b?
80
Suppose 17*c = 50*c - 132. Suppose -4*x + 5 + 72 = -3*k, -5*x = -c*k - 97. Calculate the highest common factor of 1547 and x.
17
Suppose -y - 27 = 5*c, 3*c = -3*y - 127 - 14. Let s be 894/8 - (3 - y/(-16)). Suppose -112 = 5*h - 13*h. Calculate the greatest common divisor of s and h.
14
Suppose 16*j + 1050 = 58*j. Let u(g) = -g**3 - 13*g**2 - 25*g + 7. Let a be u(-11). Calculate the highest common factor of j and a.
5
Suppose -96*y - 47687 - 247105 = -664*y. Calculate the greatest common divisor of 1211 and y.
173
Let f(v) = 39*v**2 + 28*v - 3. Let k be f(4). Suppose -5*g + 242 = -4*g + l, 4*l = 3*g - k. Calculate the greatest common factor of 81 and g.
81
Let p(v) = 3*v**2 + 40*v - 261. Let u be p(6). Calculate the highest common factor of 2784 and u.
87
Let b = -12192 - -13092. Calculate the greatest common divisor of b and 390.
30
Suppose -3*z = -1282 - 326. Suppose -7*g = -j - 6*g + 66, -4*j = -5*g - 263. Calculate the highest common divisor of j and z.
67
Let c(u) = 5*u + 109. Let y be c(-23). Let g be ((-288)/20 + 6)/(y/40). Calculate the greatest common factor of g and 70.
14
Let m = -22179 + 30867. What is the greatest common divisor of 48 and m?
48
Suppose -62*z + 66*z = 5*x - 19375, -3*x = -3*z - 11625. What is the greatest common factor of x and 62?
31
Let t(d) = -2*d**3 - 3*d**2 - 2*d + 22. Let q be t(5). Let y = -89 - q. Calculate the greatest common divisor of y and 42.
14
Suppose -24*f + 2383 = 1735. Calculate the highest common factor of 837 and f.
27
Let k = -874 + 1020. Let r be 2/10 - 680/25. Let b = k + r. What is the greatest common divisor of b and 7?
7
Let l(u) = 3*u**3 + 48*u**2 + 22*u - 69. Let d be l(-11). What is the greatest common divisor of d and 224?
32
Let p be 35/((-4)/(-3) - 1). Let f be ((-29)/5 + 5)*15*2. Let c be (f/4)/(2/(-5)). Calculate the greatest common factor of c and p.
15
Let f(b) = -53*b + 7. Let k be f(-1). Let l = k - 48. Suppose -304 = -l*y + 176. Calculate the highest common divisor of y and 10.
10
Let n = -352 + 332. Let k be 1/(n/16) + 238/35. What is the highest common factor of k and 2?
2
Suppose -x = 4*k + 16, k + 3*k - 3*x + 16 = 0. Let t be 99/2 + (-1 - 6/k). Suppose -3*r = -t + 17. What is the highest common divisor of 1 and r?
1
Let a(l) = -l**3 + 35*l**2 + 94*l - 193. Let q be a(36). Calculate the highest common factor of q and 5.
5
Let m(b) = -b**3 - 6*b**2 + 18*b + 9. Let t be m(-9). Suppose -2*v = -72 + 36. Calculate the highest common divisor of v and t.
18
Suppose 39 = 16*r - 9. Let x(s) = s**3 - 3*s**2 - 2*s + 3. Let i be x(4). Suppose -r*h - 152 = -i*h. What is the greatest common divisor of 76 and h?
19
Let d(o) = 4*o**2 - 320*o - 1342. Let v be d(84). Calculate the highest common factor of 797 and v.
1
Suppose -286*m + 283*m + 1131 = 0. Calculate the highest common divisor of 91 and m.
13
Let h(s) = 3182*s - 6546. Let d be h(6). What is the greatest common divisor of d and 123?
123
Suppose m - 2436 = -5*r, -r + 5 = -0. Let g = m - 1697. Let u be 2 + g/8 - 5/20. Calculate the greatest common factor of u and 13.
13
Let o be 36/(-6) + (-24)/(-6). Let j be o/9 + (-2)/36*-2920. Calculate the greatest common divisor of j and 12.
6
Let l(x) = 507*x + 3196. Let z be l(-6). Let a = -43 + 71. What is the highest common factor of z and a?
14
Suppose 0 = -18*o + 15*o - 2*q + 1817, o - q - 614 = 0. Calculate the highest common factor of o and 105.
21
Suppose -12*u + 14*u = -14. Let b(x) = -15 - x**2 - 9*x + 6 + 4 + 0*x. Let l be b(u). What is the highest common divisor of 81 and l?
9
Let l = -156 - -161. Suppose 5*i = 6*i. Suppose -40 = -l*v - i. Calculate the greatest common factor of 64 and v.
8
Let c = 16 + -7. Suppose -4*m + 15 = -c. Let s(k) = k**2 - 4*k + 7. Let z be s(m). What is the highest common divisor of 19 and z?
19
Suppose 3*x + 1185 = -5*c + 9*c, 4*x = -5*c + 1520. What is the highest common divisor of 24 and c?
12
Let v(n) = -81*n - 882. Let u be v(-12). Calculate the greatest common factor of u and 2385.
45
Suppose -5*w - 9 = 21, -2*c = 4*w - 73412. Calculate the greatest common factor of c and 22.
22
Let a be (-5 - -4)*(-12)/4. Suppose -325 = 50*m - 45*m. Let y be (-34)/(-10) - (-26)/m. What is the highest common factor of a and y?
3
Let b = 42 + -21. Let w be ((-24)/b)/((-6)/21). Suppose 30 = -q + w*q. Calculate the highest common factor of 20 and q.
10
Let s = 93 + -68. Suppose -2*g + 5*j + 3 = 0, -17*g + 12*g - 5*j = -s. Let h be -2 + (48/9)/(g/54). Calculate the greatest common divisor of 14 and h.
14
Let s = -169 + 162. Let p be (-16)/(-28) - 3/s. Calculate the highest common factor of 7 and p.
1
Let o = 14 - 12. Suppose t + 26 = o*t. Let g = 31 - t. What is the greatest common factor of g and 1?
1
Let m(a) = -11*a + 236. Let q be m(21). Let b be (q - (-111)/(-21))/(8/(-448)). Calculate the highest common divisor of b and 1328.
16
Let x(j) = -j**3 - 3*j**2 + 7*j - 2. Let o be x(-5). Suppose 370 + 410 = 60*d. Calculate the highest common factor of d and o.
13
Suppose -34*g - 12*g + 5883 = -9*g. Calculate the greatest common divisor of 3 and g.
3
Let d = 444 - 441. Suppose -1316 = -o - d*o. Calculate the highest common factor of o and 7.
7
Let t(s) be the second derivative of s**5/20 + 11*s**4/4 - s**3/6 - 16*s**2 + 3*s - 2. Let p be t(-33). Calculate the greatest common factor of 11 and p.
1
Suppose 25*y + 14*y + 734 = 5882. Calculate the highest common factor of 572 and y.
44
Let d(h) = 840*h - 2486. Let c be d(3). What is the highest common divisor of c and 74?
2
Let t be (506/6)/((-60)/(-180)). Calculate the greatest common divisor of t and 198.
11
Let f(y) be the first derivative of y**2/2 + 133*y - 5. Let k be f(0). Let a = -87 + 106. Calculate the greatest common divisor of a and k.
19
Let p(c) = -6 + 4*c + 0 - 3 - 8. Let t be p(18). Let n = 138 + -127. Calculate the highest common factor of n and t.
11
Let s be (-10)/6*(-108*2 - -3). Let a = 213 - s. Let i = 149 + a. Calculate the highest common factor of 28 and i.
7
Let s be (441/180*8 - (-6)/(-10)) + 1. What is the highest common factor of 332 and s?
4
Let a = 8 - 12. Let w = a - -316. What is the greatest common divisor of w and 39?
39
Let r be (-1)/4 - (-178)/8. Suppose 0 = -5*t - r + 47. Calculate the highest common divisor of 5 and t.
5
Let r be (2 + -12)*(-9)/1. Let c = 53893 + -53857. Calculate the highest common factor of c and r.
18
Let j be 4222 + (-42)/30*5. Calculate the greatest common factor of j and 45.
15
Let t be 66/55*10/4. Let o be 64/6*(11 + -2 + t). What is the highest common divisor of o and 32?
32
Let j be 11 + (8 - 11) + -4. Suppose 7*q - 47 = -3*f + 6*q, -j*q - 22 = -2*f. Calculate the greatest common factor of f and 30.
15
Suppose 17*j + 7184 = 33*j. Suppose -11*t + 475 = -j. Calculate the highest common divisor of 105 and t.
21
Suppose 25*s + 738 = 3413. Calculate the highest common factor of s and 5243.
107
Suppose -3*n = 17 - 101. Let l(r) = -r**3 + 17*r**2 + 63*r + 3. Let v be l(-5). What is the greatest common divisor of n and v?
14
Let y be 1290/66 - (-24)/(-44). What is the greatest common divisor of y and 6023?
19
Suppose 60*f + 59*f = -9*f + 7680. Calculate the highest 